{"id":27,"date":"2025-04-23T14:18:44","date_gmt":"2025-04-23T12:18:44","guid":{"rendered":"https:\/\/candidatelier.fr\/?page_id=27"},"modified":"2025-09-03T11:35:07","modified_gmt":"2025-09-03T09:35:07","slug":"presentation","status":"publish","type":"page","link":"https:\/\/candidatelier.fr\/?page_id=27","title":{"rendered":"Pr\u00e9sentation"},"content":{"rendered":"\t\t<div data-elementor-type=\"wp-page\" data-elementor-id=\"27\" class=\"elementor elementor-27\">\n\t\t\t\t<div class=\"elementor-element elementor-element-a963127 e-flex e-con-boxed e-con e-parent\" data-id=\"a963127\" data-element_type=\"container\" data-e-type=\"container\">\n\t\t\t\t\t<div class=\"e-con-inner\">\n\t\t\t\t<div class=\"elementor-element elementor-element-1057fee elementor-widget elementor-widget-heading\" data-id=\"1057fee\" data-element_type=\"widget\" data-e-type=\"widget\" data-widget_type=\"heading.default\">\n\t\t\t\t<div class=\"elementor-widget-container\">\n\t\t\t\t\t<h2 class=\"elementor-heading-title elementor-size-default\">Design, \u00e9ducation et social<\/h2>\t\t\t\t<\/div>\n\t\t\t\t<\/div>\n\t\t\t\t\t<\/div>\n\t\t\t\t<\/div>\n\t\t<div class=\"elementor-element elementor-element-cfa0d25 e-flex e-con-boxed e-con e-parent\" data-id=\"cfa0d25\" data-element_type=\"container\" data-e-type=\"container\">\n\t\t\t\t\t<div class=\"e-con-inner\">\n\t\t<div class=\"elementor-element elementor-element-0a0bdcd e-con-full e-flex e-con e-child\" data-id=\"0a0bdcd\" data-element_type=\"container\" data-e-type=\"container\">\n\t\t\t\t<div class=\"elementor-element elementor-element-e770799 elementor-widget elementor-widget-text-editor\" data-id=\"e770799\" data-element_type=\"widget\" data-e-type=\"widget\" data-widget_type=\"text-editor.default\">\n\t\t\t\t<div class=\"elementor-widget-container\">\n\t\t\t\t\t\t\t\t\t<p>L&#8217;association candiD Atelier oeuvre pour la r\u00e9appropriation des savoirs manuels, l&#8217;enrichissement des communs, la stimulation de la cr\u00e9ativit\u00e9 collective, la fortification des liens sociaux au sein de la communaut\u00e9 et plus concr\u00e8tement, pour la facilitation de l&#8217;acc\u00e8s \u00e0 la culture et le d\u00e9veloppement de m\u00e9thodes p\u00e9dagogiques adapt\u00e9es et inclusives. En croisant des m\u00e9thodologies de design et d&#8217;\u00e9ducation, des savoirs vernaculaires et des savoirs acad\u00e9miques, l&#8217;association construit et exp\u00e9rimente, avec les publics de tous \u00e2ges auxquels elle s&#8217;adresse, des moyens de d\u00e9couvrir, d&#8217;apprendre et de prendre confiance dans sa capacit\u00e9 \u00e0 apprendre tout au long de la vie.\u00a0<\/p><p>Port\u00e9e par les valeurs du design social et de l&#8217;\u00e9ducation populaire, m\u00fbe par la volont\u00e9 de donner \u00e0 chacun\u00b7e les outils permettant de grandir et d&#8217;agir dans notre soci\u00e9t\u00e9, candiD Atelier s&#8217;adresse \u00e0 la fois aux act\u00b7eur\u00b7rices de la communaut\u00e9 \u00e9ducative et \u00e0 leurs publics dans tous les champs qui n\u00e9cessitent p\u00e9dagogie et m\u00e9diation. Ces actions favorisent l&#8217;\u00e9mergence de projets situ\u00e9s (ancr\u00e9s dans un contexte local) qui int\u00e8grent toutes les personnes \u00e0 la vie sociale et culturelle.\u00a0<\/p>\t\t\t\t\t\t\t\t<\/div>\n\t\t\t\t<\/div>\n\t\t\t\t<\/div>\n\t\t<div class=\"elementor-element elementor-element-cdefe01 e-con-full e-flex e-con e-child\" data-id=\"cdefe01\" data-element_type=\"container\" data-e-type=\"container\">\n\t\t\t\t<div class=\"elementor-element elementor-element-d86c07d elementor-widget elementor-widget-image\" data-id=\"d86c07d\" data-element_type=\"widget\" data-e-type=\"widget\" data-widget_type=\"image.default\">\n\t\t\t\t<div class=\"elementor-widget-container\">\n\t\t\t\t\t\t\t\t\t\t\t\t\t\t\t<img fetchpriority=\"high\" decoding=\"async\" width=\"1024\" height=\"768\" src=\"https:\/\/candidatelier.fr\/wp-content\/uploads\/2025\/05\/NOODLEMAP_WEB_IMG_20220323_145958.jpeg\" class=\"attachment-large size-large wp-image-823\" alt=\"\" srcset=\"https:\/\/candidatelier.fr\/wp-content\/uploads\/2025\/05\/NOODLEMAP_WEB_IMG_20220323_145958.jpeg 1024w, https:\/\/candidatelier.fr\/wp-content\/uploads\/2025\/05\/NOODLEMAP_WEB_IMG_20220323_145958-300x225.jpeg 300w, https:\/\/candidatelier.fr\/wp-content\/uploads\/2025\/05\/NOODLEMAP_WEB_IMG_20220323_145958-768x576.jpeg 768w\" sizes=\"(max-width: 1024px) 100vw, 1024px\" \/>\t\t\t\t\t\t\t\t\t\t\t\t\t\t\t<\/div>\n\t\t\t\t<\/div>\n\t\t\t\t<\/div>\n\t\t\t\t\t<\/div>\n\t\t\t\t<\/div>\n\t\t<div class=\"elementor-element elementor-element-07c36b2 e-flex e-con-boxed e-con e-parent\" data-id=\"07c36b2\" data-element_type=\"container\" data-e-type=\"container\">\n\t\t\t\t\t<div class=\"e-con-inner\">\n\t\t\t\t<div class=\"elementor-element elementor-element-3feb6ea elementor-widget elementor-widget-spacer\" data-id=\"3feb6ea\" data-element_type=\"widget\" data-e-type=\"widget\" data-widget_type=\"spacer.default\">\n\t\t\t\t<div class=\"elementor-widget-container\">\n\t\t\t\t\t\t\t<div class=\"elementor-spacer\">\n\t\t\t<div class=\"elementor-spacer-inner\"><\/div>\n\t\t<\/div>\n\t\t\t\t\t\t<\/div>\n\t\t\t\t<\/div>\n\t\t\t\t\t<\/div>\n\t\t\t\t<\/div>\n\t\t<div class=\"elementor-element elementor-element-1a69a52 e-flex e-con-boxed e-con e-parent\" data-id=\"1a69a52\" data-element_type=\"container\" data-e-type=\"container\">\n\t\t\t\t\t<div class=\"e-con-inner\">\n\t\t\t\t<div class=\"elementor-element elementor-element-434191c elementor-widget elementor-widget-heading\" data-id=\"434191c\" data-element_type=\"widget\" data-e-type=\"widget\" data-widget_type=\"heading.default\">\n\t\t\t\t<div class=\"elementor-widget-container\">\n\t\t\t\t\t<h2 class=\"elementor-heading-title elementor-size-default\">L'\u00e9quipe de candiD Atelier<\/h2>\t\t\t\t<\/div>\n\t\t\t\t<\/div>\n\t\t\t\t\t<\/div>\n\t\t\t\t<\/div>\n\t\t<div class=\"elementor-element elementor-element-eaa249c e-flex e-con-boxed e-con e-parent\" data-id=\"eaa249c\" data-element_type=\"container\" data-e-type=\"container\">\n\t\t\t\t\t<div class=\"e-con-inner\">\n\t\t<div class=\"elementor-element elementor-element-4b7633b e-con-full e-flex e-con e-child\" data-id=\"4b7633b\" data-element_type=\"container\" data-e-type=\"container\">\n\t\t\t\t<div class=\"elementor-element elementor-element-abd7b41 elementor-widget__width-initial elementor-widget elementor-widget-text-editor\" data-id=\"abd7b41\" data-element_type=\"widget\" data-e-type=\"widget\" data-widget_type=\"text-editor.default\">\n\t\t\t\t<div class=\"elementor-widget-container\">\n\t\t\t\t\t\t\t\t\t<p><strong>C\u00e9cile Laporte<\/strong> &#8211; <em>Coordinatrice de projet<\/em><\/p><p><span style=\"font-weight: 400;\">Le parcours pluridisciplinaire de C\u00e9cile l&#8217;a amen\u00e9e \u00e0 \u00e9tudier le design, la communication, les arts plastiques et les sciences de l&#8217;\u00e9ducation.<br \/><\/span><span style=\"font-size: 15px; font-weight: 400;\">Inspir\u00e9e par les valeurs de l&#8217;Open Design et du DIY, elle s\u2019int\u00e9resse aux objets en tant que signes permettant de construire des r\u00e9cits qui peuvent \u00eatre des t\u00e9moignages ou des mythes. Questionnant les sens que nous donnons aux choses qui nous entourent, les influences culturelles conditionnant notre compr\u00e9hension du monde, elle \u0153uvre dans l\u2019association au d\u00e9veloppement de projets socio-\u00e9ducatifs, vecteurs d\u2019utopie et de changement social.\u00a0<\/span><\/p>\t\t\t\t\t\t\t\t<\/div>\n\t\t\t\t<\/div>\n\t\t\t\t<\/div>\n\t\t<div class=\"elementor-element elementor-element-3ecd193 e-con-full e-flex e-con e-child\" data-id=\"3ecd193\" data-element_type=\"container\" data-e-type=\"container\">\n\t\t\t\t<div class=\"elementor-element elementor-element-f76c992 elementor-widget elementor-widget-image\" data-id=\"f76c992\" data-element_type=\"widget\" data-e-type=\"widget\" data-widget_type=\"image.default\">\n\t\t\t\t<div class=\"elementor-widget-container\">\n\t\t\t\t\t\t\t\t\t\t\t\t\t\t\t<img decoding=\"async\" width=\"1024\" height=\"768\" src=\"https:\/\/candidatelier.fr\/wp-content\/uploads\/2025\/07\/cecile-portrait.jpg\" class=\"attachment-large size-large wp-image-1994\" alt=\"\" srcset=\"https:\/\/candidatelier.fr\/wp-content\/uploads\/2025\/07\/cecile-portrait.jpg 1024w, https:\/\/candidatelier.fr\/wp-content\/uploads\/2025\/07\/cecile-portrait-300x225.jpg 300w, https:\/\/candidatelier.fr\/wp-content\/uploads\/2025\/07\/cecile-portrait-768x576.jpg 768w\" sizes=\"(max-width: 1024px) 100vw, 1024px\" \/>\t\t\t\t\t\t\t\t\t\t\t\t\t\t\t<\/div>\n\t\t\t\t<\/div>\n\t\t\t\t<\/div>\n\t\t\t\t\t<\/div>\n\t\t\t\t<\/div>\n\t\t<div class=\"elementor-element elementor-element-d9f3df2 e-flex e-con-boxed e-con e-parent\" data-id=\"d9f3df2\" data-element_type=\"container\" data-e-type=\"container\">\n\t\t\t\t\t<div class=\"e-con-inner\">\n\t\t<div class=\"elementor-element elementor-element-3dab731 e-con-full e-flex e-con e-child\" data-id=\"3dab731\" data-element_type=\"container\" data-e-type=\"container\">\n\t\t\t\t<div class=\"elementor-element elementor-element-4a6bb79 elementor-widget elementor-widget-image\" data-id=\"4a6bb79\" data-element_type=\"widget\" data-e-type=\"widget\" data-widget_type=\"image.default\">\n\t\t\t\t<div class=\"elementor-widget-container\">\n\t\t\t\t\t\t\t\t\t\t\t\t\t\t\t<img decoding=\"async\" width=\"1024\" height=\"680\" src=\"https:\/\/candidatelier.fr\/wp-content\/uploads\/2025\/05\/xESPACIOOPEN_WEB_BILBAO_WEB_DSC0094.jpg\" class=\"attachment-1536x1536 size-1536x1536 wp-image-792\" alt=\"\" srcset=\"https:\/\/candidatelier.fr\/wp-content\/uploads\/2025\/05\/xESPACIOOPEN_WEB_BILBAO_WEB_DSC0094.jpg 1024w, https:\/\/candidatelier.fr\/wp-content\/uploads\/2025\/05\/xESPACIOOPEN_WEB_BILBAO_WEB_DSC0094-300x199.jpg 300w, https:\/\/candidatelier.fr\/wp-content\/uploads\/2025\/05\/xESPACIOOPEN_WEB_BILBAO_WEB_DSC0094-768x510.jpg 768w\" sizes=\"(max-width: 1024px) 100vw, 1024px\" \/>\t\t\t\t\t\t\t\t\t\t\t\t\t\t\t<\/div>\n\t\t\t\t<\/div>\n\t\t\t\t<\/div>\n\t\t<div class=\"elementor-element elementor-element-353163a e-con-full e-flex e-con e-child\" data-id=\"353163a\" data-element_type=\"container\" data-e-type=\"container\">\n\t\t\t\t<div class=\"elementor-element elementor-element-e8d5f8e elementor-widget elementor-widget-text-editor\" data-id=\"e8d5f8e\" data-element_type=\"widget\" data-e-type=\"widget\" data-widget_type=\"text-editor.default\">\n\t\t\t\t<div class=\"elementor-widget-container\">\n\t\t\t\t\t\t\t\t\t<p><span style=\"font-weight: 400;\"><strong>Irina Pentecouteau<\/strong> &#8211; <em>Responsable p\u00e9dagogique<\/em><\/span><\/p><p><span style=\"font-weight: 400;\">Dipl\u00f4m\u00e9e d&#8217;un master en design et d&#8217;un master en sciences de l&#8217;\u00e9ducation, Irina met \u00e0 profit ces comp\u00e9tences pour d\u00e9velopper des projets \u00e9ducatifs et culturels inclusifs, \u00e0 destination des publics \u00e9loign\u00e9s de la culture. Artiste-designeuse, son travail interroge le lien entre l&#8217;objet, l&#8217;espace et l&#8217;individu, en traitant de la transmission et de la m\u00e9moire qui les traversent. Ses cr\u00e9ations veulent sensibiliser \u00e0 des questionnements abordant diff\u00e9rents th\u00e8mes comme l&#8217;artisanat et les savoir-faire, tout en proposant des objets ouverts et collaboratifs. Int\u00e9ress\u00e9e par les notions de partage et de m\u00e9diation, ses projets de design allant du graphisme \u00e0 l&#8217;am\u00e9nagement, sont pens\u00e9s pour \u00eatre co-construits avec un public.<\/span><\/p>\t\t\t\t\t\t\t\t<\/div>\n\t\t\t\t<\/div>\n\t\t\t\t<\/div>\n\t\t\t\t\t<\/div>\n\t\t\t\t<\/div>\n\t\t<div class=\"elementor-element elementor-element-9b15d42 e-flex e-con-boxed e-con e-parent\" data-id=\"9b15d42\" data-element_type=\"container\" data-e-type=\"container\">\n\t\t\t\t\t<div class=\"e-con-inner\">\n\t\t\t\t<div class=\"elementor-element elementor-element-b498b70 elementor-widget elementor-widget-spacer\" data-id=\"b498b70\" data-element_type=\"widget\" data-e-type=\"widget\" data-widget_type=\"spacer.default\">\n\t\t\t\t<div class=\"elementor-widget-container\">\n\t\t\t\t\t\t\t<div class=\"elementor-spacer\">\n\t\t\t<div class=\"elementor-spacer-inner\"><\/div>\n\t\t<\/div>\n\t\t\t\t\t\t<\/div>\n\t\t\t\t<\/div>\n\t\t\t\t\t<\/div>\n\t\t\t\t<\/div>\n\t\t<div class=\"elementor-element elementor-element-1571aa8 e-flex e-con-boxed e-con e-parent\" data-id=\"1571aa8\" data-element_type=\"container\" data-e-type=\"container\">\n\t\t\t\t\t<div class=\"e-con-inner\">\n\t\t\t\t<div class=\"elementor-element elementor-element-27f101c elementor-widget elementor-widget-heading\" data-id=\"27f101c\" data-element_type=\"widget\" data-e-type=\"widget\" data-widget_type=\"heading.default\">\n\t\t\t\t<div class=\"elementor-widget-container\">\n\t\t\t\t\t<h2 class=\"elementor-heading-title elementor-size-default\">Nos partenaires<\/h2>\t\t\t\t<\/div>\n\t\t\t\t<\/div>\n\t\t\t\t\t<\/div>\n\t\t\t\t<\/div>\n\t\t<div class=\"elementor-element elementor-element-320c10a e-flex e-con-boxed e-con e-parent\" data-id=\"320c10a\" data-element_type=\"container\" data-e-type=\"container\">\n\t\t\t\t\t<div class=\"e-con-inner\">\n\t\t\t\t<div class=\"elementor-element elementor-element-64f927c elementor-widget elementor-widget-image\" data-id=\"64f927c\" data-element_type=\"widget\" data-e-type=\"widget\" data-widget_type=\"image.default\">\n\t\t\t\t<div class=\"elementor-widget-container\">\n\t\t\t\t\t\t\t\t\t\t\t\t\t\t\t<img loading=\"lazy\" decoding=\"async\" width=\"1024\" height=\"1024\" src=\"https:\/\/candidatelier.fr\/wp-content\/uploads\/2025\/09\/PLANCHE-LOGOV2.png\" class=\"attachment-large size-large wp-image-2058\" alt=\"\" srcset=\"https:\/\/candidatelier.fr\/wp-content\/uploads\/2025\/09\/PLANCHE-LOGOV2.png 1024w, https:\/\/candidatelier.fr\/wp-content\/uploads\/2025\/09\/PLANCHE-LOGOV2-300x300.png 300w, https:\/\/candidatelier.fr\/wp-content\/uploads\/2025\/09\/PLANCHE-LOGOV2-150x150.png 150w, https:\/\/candidatelier.fr\/wp-content\/uploads\/2025\/09\/PLANCHE-LOGOV2-768x768.png 768w, https:\/\/candidatelier.fr\/wp-content\/uploads\/2025\/09\/PLANCHE-LOGOV2-600x600.png 600w\" sizes=\"(max-width: 1024px) 100vw, 1024px\" \/>\t\t\t\t\t\t\t\t\t\t\t\t\t\t\t<\/div>\n\t\t\t\t<\/div>\n\t\t\t\t\t<\/div>\n\t\t\t\t<\/div>\n\t\t\t\t<\/div>\n\t\t","protected":false},"excerpt":{"rendered":"<p>Design, \u00e9ducation et social L&#8217;association candiD Atelier oeuvre pour la r\u00e9appropriation des savoirs manuels, l&#8217;enrichissement des communs, la stimulation de la cr\u00e9ativit\u00e9 collective, la fortification des liens sociaux au sein de la communaut\u00e9 et plus concr\u00e8tement, pour la facilitation de l&#8217;acc\u00e8s \u00e0 la culture et le d\u00e9veloppement de m\u00e9thodes p\u00e9dagogiques adapt\u00e9es et inclusives. En croisant [&hellip;]<\/p>\n","protected":false},"author":1,"featured_media":0,"parent":0,"menu_order":0,"comment_status":"closed","ping_status":"closed","template":"","meta":{"ocean_post_layout":"","ocean_both_sidebars_style":"","ocean_both_sidebars_content_width":0,"ocean_both_sidebars_sidebars_width":0,"ocean_sidebar":"","ocean_second_sidebar":"","ocean_disable_margins":"enable","ocean_add_body_class":"","ocean_shortcode_before_top_bar":"","ocean_shortcode_after_top_bar":"","ocean_shortcode_before_header":"","ocean_shortcode_after_header":"","ocean_has_shortcode":"","ocean_shortcode_after_title":"","ocean_shortcode_before_footer_widgets":"","ocean_shortcode_after_footer_widgets":"","ocean_shortcode_before_footer_bottom":"","ocean_shortcode_after_footer_bottom":"","ocean_display_top_bar":"default","ocean_display_header":"default","ocean_header_style":"","ocean_center_header_left_menu":"","ocean_custom_header_template":"","ocean_custom_logo":0,"ocean_custom_retina_logo":0,"ocean_custom_logo_max_width":0,"ocean_custom_logo_tablet_max_width":0,"ocean_custom_logo_mobile_max_width":0,"ocean_custom_logo_max_height":0,"ocean_custom_logo_tablet_max_height":0,"ocean_custom_logo_mobile_max_height":0,"ocean_header_custom_menu":"","ocean_menu_typo_font_family":"","ocean_menu_typo_font_subset":"","ocean_menu_typo_font_size":0,"ocean_menu_typo_font_size_tablet":0,"ocean_menu_typo_font_size_mobile":0,"ocean_menu_typo_font_size_unit":"px","ocean_menu_typo_font_weight":"","ocean_menu_typo_font_weight_tablet":"","ocean_menu_typo_font_weight_mobile":"","ocean_menu_typo_transform":"","ocean_menu_typo_transform_tablet":"","ocean_menu_typo_transform_mobile":"","ocean_menu_typo_line_height":0,"ocean_menu_typo_line_height_tablet":0,"ocean_menu_typo_line_height_mobile":0,"ocean_menu_typo_line_height_unit":"","ocean_menu_typo_spacing":0,"ocean_menu_typo_spacing_tablet":0,"ocean_menu_typo_spacing_mobile":0,"ocean_menu_typo_spacing_unit":"","ocean_menu_link_color":"","ocean_menu_link_color_hover":"","ocean_menu_link_color_active":"","ocean_menu_link_background":"","ocean_menu_link_hover_background":"","ocean_menu_link_active_background":"","ocean_menu_social_links_bg":"","ocean_menu_social_hover_links_bg":"","ocean_menu_social_links_color":"","ocean_menu_social_hover_links_color":"","ocean_disable_title":"default","ocean_disable_heading":"default","ocean_post_title":"","ocean_post_subheading":"","ocean_post_title_style":"","ocean_post_title_background_color":"","ocean_post_title_background":0,"ocean_post_title_bg_image_position":"","ocean_post_title_bg_image_attachment":"","ocean_post_title_bg_image_repeat":"","ocean_post_title_bg_image_size":"","ocean_post_title_height":0,"ocean_post_title_bg_overlay":0.5,"ocean_post_title_bg_overlay_color":"","ocean_disable_breadcrumbs":"default","ocean_breadcrumbs_color":"","ocean_breadcrumbs_separator_color":"","ocean_breadcrumbs_links_color":"","ocean_breadcrumbs_links_hover_color":"","ocean_display_footer_widgets":"default","ocean_display_footer_bottom":"default","ocean_custom_footer_template":"","footnotes":""},"class_list":["post-27","page","type-page","status-publish","hentry","entry"],"_links":{"self":[{"href":"https:\/\/candidatelier.fr\/index.php?rest_route=\/wp\/v2\/pages\/27","targetHints":{"allow":["GET"]}}],"collection":[{"href":"https:\/\/candidatelier.fr\/index.php?rest_route=\/wp\/v2\/pages"}],"about":[{"href":"https:\/\/candidatelier.fr\/index.php?rest_route=\/wp\/v2\/types\/page"}],"author":[{"embeddable":true,"href":"https:\/\/candidatelier.fr\/index.php?rest_route=\/wp\/v2\/users\/1"}],"replies":[{"embeddable":true,"href":"https:\/\/candidatelier.fr\/index.php?rest_route=%2Fwp%2Fv2%2Fcomments&post=27"}],"version-history":[{"count":53,"href":"https:\/\/candidatelier.fr\/index.php?rest_route=\/wp\/v2\/pages\/27\/revisions"}],"predecessor-version":[{"id":2061,"href":"https:\/\/candidatelier.fr\/index.php?rest_route=\/wp\/v2\/pages\/27\/revisions\/2061"}],"wp:attachment":[{"href":"https:\/\/candidatelier.fr\/index.php?rest_route=%2Fwp%2Fv2%2Fmedia&parent=27"}],"curies":[{"name":"wp","href":"https:\/\/api.w.org\/{rel}","templated":true}]}}